me number?
True
Let h = 17993 - 7098. Is h prime?
False
Let k(b) = -2*b**2 - 4*b + 31. Let r(t) = -t**2 - 5*t + 32. Let i(l) = -3*k(l) + 2*r(l). Is i(-8) a composite number?
False
Let h = 75 + -25. Let g = h - -932. Is g a composite number?
True
Suppose -5*l + 65 = -5*v, 0*l - v = -4*l + 58. Suppose l*o = 12*o + 3417. Is o a composite number?
True
Let q = 151 - 215. Let u = -75 + q. Let s = u - -216. Is s a composite number?
True
Let v = 3959 + -666. Is v a composite number?
True
Suppose 6*x - 5884 = 28130. Is x prime?
True
Let n(r) = r**2 - r - 9. Let y be n(8). Let q = y - -25. Suppose -z + 0*z - 43 = -2*o, 3*o - 3*z = q. Is o a composite number?
False
Let z = 62 - 110. Let s be (z/(-56))/((-1)/469). Is 0 - 4/4 - s prime?
True
Let i(x) = x + 9. Let s be i(-6). Let l be s - 1 - 4/2. Suppose 1940 = 4*z - l*z. Is z prime?
False
Let o = -9171 - -13276. Is o a prime number?
False
Suppose -7*s = -2*s - 2*f - 51999, -3*s + 3*f + 31194 = 0. Is s prime?
False
Let s(a) = 2*a**3 + 5*a**2 + 2*a + 2. Let r be s(-2). Suppose 0 = 3*n - 7*v + 2*v - 7152, 0 = r*n - 4*v - 4766. Is n prime?
True
Is (1 - -7753)/(10/35) prime?
False
Let i be (7 - 1)*(-20)/(-6). Suppose -5 + i = -5*t. Is 295 + 2/(2 + t) composite?
False
Suppose 2*t = 0, -4*i + 9*t - 7*t = -2164. Is i composite?
False
Suppose 31 = 5*d - 19. Let s = 61 + -91. Is d/(-4)*1044/s a composite number?
True
Let y(r) = -r**3 + 8*r**2 + 7*r + 5. Let n = -11 + 20. Let d be y(n). Is (-13)/d - 92*-1 composite?
True
Let b be 8/(-3)*30/(-8). Let y = -10 + b. Let x(o) = o**3 + o + 254. Is x(y) a prime number?
False
Let t(f) = 72*f**2 - 8*f + 8. Let v(q) = -215*q**2 + 23*q - 23. Let d(n) = -17*t(n) - 6*v(n). Suppose -z = -22*z + 42. Is d(z) a composite number?
True
Let p be ((-2495)/(-10))/((-3)/(-6)). Suppose 2*i - 4*d + 63 - p = 0, 3*i = -5*d + 632. Is i a prime number?
False
Let x(r) = 717*r**3 - 7*r**2 + 4*r - 1. Is x(1) composite?
True
Suppose 0 = 9*o - 2*o - 21. Suppose 2*a - 1175 = -o*a. Is a composite?
True
Let h(b) = -8*b**3 - 12*b**2 - 2*b + 3. Let o(k) = -7*k**3 - 13*k**2 - 3*k + 3. Let i(f) = 6*h(f) - 5*o(f). Is i(-5) composite?
True
Is 13 + -5 - 2 - 1 - -5618 composite?
False
Let l(p) be the third derivative of -5*p**4/6 - 2*p**3/3 - 8*p**2. Let n be l(3). Is 149/4 + 16/n a prime number?
True
Let s(i) = 3*i**3 + i - 7. Let y be s(-3). Let o be y + -1 + (-22)/11. Is 2 - (o - (-3 - -4)) a composite number?
False
Suppose 0 = z + 3 - 6. Suppose 2220 = 3*y - q, -3*y - z*q + 2211 = -q. Is y a composite number?
False
Let o = 30370 + -17085. Is o prime?
False
Suppose 5*j - 30 = -5. Suppose -5*o + j*w = 1125 - 3780, -5*o - 5*w + 2695 = 0. Is o a prime number?
False
Suppose -s + 949 = 5*r - 254, 4860 = 4*s - 4*r. Is s prime?
True
Suppose 4*o + 132446 = 7*o - 4*p, -3*p = -4*o + 176590. Is o composite?
True
Suppose -z + 13645 = 4*z. Is z a composite number?
False
Suppose -1686 = -5*g + 7864. Suppose 3*q - g = q. Suppose 0 = y + 4*y - q. Is y a prime number?
True
Let d(t) = -t**2 - 8*t + 8. Let l be d(-9). Is ((-946)/3)/((2/3)/l) prime?
False
Let a(s) = 2*s - 11. Let y(d) = -4*d + 21. Let h(p) = 9*a(p) + 4*y(p). Let f be h(10). Suppose f*n = 370 + 415. Is n composite?
False
Suppose -4*q = 75 - 5123. Is q a prime number?
False
Suppose -2*w + 19 = -31. Suppose -a + w = 5*x, -x - 4*x = 5*a - 45. Let q(p) = 27*p**2 - 5*p + 5. Is q(a) a composite number?
True
Suppose -4*z = 3*a - a - 1588, -2*a + 394 = z. Suppose 2*d - 13 + 165 = 2*t, -5*t = d - z. Is t a composite number?
False
Let a(w) = 1186*w - 183. Is a(4) a prime number?
True
Let c = -76 - 206. Let k = -121 - c. Is k a prime number?
False
Suppose 2*h = 5*h - 552. Suppose -m = 5*g + 2*m - 623, -2*m - 8 = 0. Let j = h - g. Is j a composite number?
True
Suppose -3*v + 2*p + 12 = 4*p, 4 = v + 5*p. Suppose -5 = w + v*n - 17, 3*w = -5*n + 22. Suppose w*b - 724 = -4*j, 205 = -4*j + 5*j - 5*b. Is j a prime number?
False
Suppose -10*u = 5233 - 51843. Is u a prime number?
False
Suppose 5*z = 8 + 22. Suppose -5*l + 3*c = -z, 3*c - 5*c + 15 = 3*l. Suppose -w + 4*w + l*u = 135, -w - 3*u + 49 = 0. Is w a composite number?
False
Let n(q) = 4*q**2 - q + 2. Let m be n(1). Let l(p) = 25*p**2 - 2*p - 2. Let a be l(m). Suppose -a = -3*g + 374. Is g a composite number?
True
Suppose -50 = 2*o + 5*g - 795, 1098 = 3*o + g. Is o a composite number?
True
Let l = 52882 + -24831. Is l composite?
False
Let i(y) = 479*y + 33. Is i(4) a composite number?
False
Let j(q) be the first derivative of -q**5/15 + q**4/12 + 5*q**3/3 + 3. Let h(z) be the third derivative of j(z). Is h(-9) a prime number?
False
Let j(b) be the second derivative of 11*b**4/12 - b**3/2 - 8*b. Let l be j(4). Let i = -87 + l. Is i a prime number?
False
Suppose 0 = -0*p - p - 2*w + 1925, -3*w + 1922 = p. Is p a prime number?
True
Let w(u) = -u**3 + 2*u**2 + 37*u - 33. Is w(-29) prime?
False
Let r(g) = 5*g**3 - 11*g**2 + 4*g + 25. Is r(7) a composite number?
False
Let t(s) = -53*s**3 - s**2 - 2*s + 19. Is t(-5) composite?
True
Let b(i) = -i**3 + 5*i**2 - 6*i + 7. Let y be b(4). Let m(v) = -20*v + 1. Is m(y) composite?
True
Let j(s) = 107*s**2 + s + 4. Let k be j(4). Suppose -5*c = 5*t - k, -2*t - 5*c = 2*t - 1374. Is t a composite number?
True
Suppose 6*m - 3942 = 166116. Is m composite?
True
Let s be 35/(-14) + 3/(-6). Is 749 - (7 - (-2 - 2*s)) a prime number?
False
Suppose -p = -0*p - 2. Suppose p*q = 4*b + 260, -484 = -4*q - b - 3*b. Suppose 3*j - q = -j. Is j a prime number?
True
Let x = -11 + 2. Let l(u) = -u**2 - 10*u + 5. Let b be l(x). Is (-4422)/(-21) + 6/b prime?
True
Let m(b) = b**3 - 14*b**2 + b + 31. Is m(18) composite?
True
Let q(p) = 5 - 82*p + 157*p + 2 - 126*p. Is q(-2) prime?
True
Let t(z) = 3*z**3 + z**2 - z - 1. Let s be (10/12)/((-1)/(-6)). Suppose 2*k - 12 = -k, -s*l + 12 = -2*k. Is t(l) composite?
True
Let n(v) = -2*v**3 - v**2 + 42*v - 47. Is n(-16) a prime number?
False
Let f = -3366 + 8273. Is f a prime number?
False
Let i(o) = -286*o - 54. Let m be i(-19). Let x = m + -3843. Is x a prime number?
False
Let q be 1/(-2 - 1330/(-666)). Let i = 1532 + q. Is i composite?
True
Let k(o) be the first derivative of -6*o**2 - 13*o + 7. Is k(-11) prime?
False
Is 8/64*-4684*(-1 - 1) prime?
True
Suppose 12745 - 285 = 4*s. Let j = -2124 + s. Is j a composite number?
False
Let z = 15384 + -7844. Suppose -4*l - 3*p + 1922 + 4131 = 0, 5*l - z = 5*p. Is l prime?
True
Let f = 16 + -13. Suppose 4*z + 454 = p - 246, 2*z + f*p = -336. Let q = z - -379. Is q a composite number?
True
Let b = 8 + -4. Let k be (-4 - -4)/(-1)*(-5)/20. Suppose -5*y + 619 = -k*y - 4*d, 4*y = -b*d + 524. Is y a prime number?
True
Let o(i) = 6*i - 9. Let g be o(4). Suppose 7770 = 3*b + t, -2*t = 3*t + g. Is b composite?
False
Let w = 3277 - -156. Is w prime?
True
Suppose 0 = 5*u + 4*c - 8, 3*u = -0*u + 2*c - 4. Suppose u = b - 42 - 499. Is b prime?
True
Suppose -3*a + 8*a = 2*h + 42, -2*h = 2*a - 28. Suppose a*i = -12487 + 48077. Is i a composite number?
False
Let u be -1*3 - (9 - -2). Let h = -16 - u. Is (-1*3)/(h/118) a composite number?
True
Let k = -12 + 6. Let r be ((-260)/k)/(12/18). Suppose 3*d - 4 = -4*x + r, -9 = -3*x. Is d a prime number?
True
Let q(c) = -7*c**2 - 3*c - 266. Let d(r) be the first derivative of -r**3 - r**2/2 - 133*r - 5. Let k(s) = -5*d(s) + 2*q(s). Is k(0) a composite number?
True
Suppose -2*h - 3*n - 3 = 0, -4*h + 20 + 7 = -5*n. Suppose 4*f - h - 5 = 0. Suppose -f*p + g - 1066 = -3*p, 5340 = 5*p - 5*g. Is p prime?
False
Let l(x) = x**2 - 8*x - 2. Let y be l(9). Suppose 535 = -2*i + y*i. Suppose -1262 = -2*b - 3*f, b + 2*f - i = 524. Is b prime?
True
Let p(z) = 2*z - 10*z**2 - 7*z - 13 - 3*z**3 + 2*z**3. Let l = 73 + -83. Is p(l) composite?
False
Suppose 0 = 3*y + 3*o - 2103, 3*y - 3*o + o = 2103. Is y a composite number?
False
Suppose 39*i = 44*i - 18760. Suppose i = 18*h - 10*h. Is h composite?
True
Let n(v) = -v**2 - 13*v + 16. Let l be n(-14). Suppose -87 = l*i - 509. Is i a composite number?
False
Is (6 + -1)*(0 - (-2 + -875)) a prime number?
False
Let l = -14062 + 40809. Is l a prime number?
False
Let t = 26 + -23. Suppose -3*j = 3*p - 12, 2*j = -3*p + t*j + 8. Suppose -p*m - 292 = -901. Is m a composite number?
True
Suppose -3*o - o = -4*l + 148, -5*l = -3*o - 191. Is 32/l + (-31653)/(-15) prime?
True
Let k 